
-56853
In base 16, what is -6d - dc2?
-e2f
In base 9, what is 10204 - -143?
10347
In base 2, what is 10 - 11100111011101000111?
-11100111011101000101
In base 8, what is 71 + -77?
-6
In base 2, what is -10111 - 1111010001100?
-1111010100011
In base 13, what is -855 - -88?
-79a
In base 7, what is -15630241 - 4?
-15630245
In base 12, what is -4 + -296bb?
-29703
In base 16, what is f - -507?
516
In base 15, what is 28600d + -5?
286008
In base 6, what is 101421 - 0?
101421
In base 10, what is -38197 - -33?
-38164
In base 2, what is -1110001000 - -11001?
-1101101111
In base 11, what is 45 + -280?
-236
In base 3, what is -12 + -10220021212?
-10220022001
In base 10, what is 20 + -141?
-121
In base 15, what is 7 + -5ac?
-5a5
In base 16, what is -f + -191a?
-1929
In base 15, what is -2650 + 2?
-264d
In base 11, what is -2 + -70054?
-70056
In base 16, what is 4 + -473a?
-4736
In base 11, what is 2272 - -40?
2302
In base 11, what is 1 - 10054?
-10053
In base 12, what is -154b1 + 1?
-154b0
In base 11, what is -110 - 461?
-571
In base 5, what is -3343033 + -104?
-3343142
In base 16, what is 5 + -1a29be?
-1a29b9
In base 6, what is -4440033 - -30?
-4440003
In base 2, what is -1000 + -1111100110100101?
-1111100110101101
In base 8, what is -1664411 + -4?
-1664415
In base 8, what is -2 + 12276?
12274
In base 12, what is -6 + -39a5?
-39ab
In base 16, what is ca - a7?
23
In base 4, what is -20 + -1001212332?
-1001213012
In base 5, what is -3 - 32331130?
-32331133
In base 6, what is -15413 + 524?
-14445
In base 7, what is -10646 - -1?
-10645
In base 10, what is 306 - -1858?
2164
In base 6, what is 112310544 - 3?
112310541
In base 3, what is -11111120 - -201200?
-10202220
In base 5, what is 3004110 - 2?
3004103
In base 3, what is -2 + -222200000?
-222200002
In base 16, what is 0 + -123e3?
-123e3
In base 16, what is -2 - 20331?
-20333
In base 8, what is -3415176 + 0?
-3415176
In base 12, what is 3 - 20700?
-206b9
In base 2, what is -11011000100110 - -10?
-11011000100100
In base 3, what is -20221 - -2?
-20212
In base 16, what is -30d17b - 1?
-30d17c
In base 15, what is 3 + -275ae?
-275ab
In base 9, what is -7 - 20300?
-20307
In base 3, what is 1012210 + 100221?
1120201
In base 11, what is 6565 + 1a?
6584
In base 11, what is -231 + 148?
-94
In base 10, what is -431 + -280?
-711
In base 14, what is -1 - -1962a?
19629
In base 6, what is 1534254 - 13?
1534241
In base 11, what is -2453 - 7?
-245a
In base 6, what is 2 + 320413?
320415
In base 15, what is 5c60 - -2d?
5c8d
In base 11, what is -277514 - 1?
-277515
In base 5, what is 24 + -2332?
-2303
In base 10, what is 2 + 12950?
12952
In base 11, what is 19251 + -10?
19241
In base 15, what is 58c9 + 35?
590e
In base 13, what is -2 - -16b4?
16b2
In base 14, what is 8 + -9a6?
-99c
In base 4, what is 1321 - 2210?
-223
In base 7, what is 521353 + 5?
521361
In base 2, what is 111 + -10000011000000?
-10000010111001
In base 4, what is -21 + -1010213?
-1010300
In base 7, what is -5503 - -6?
-5464
In base 15, what is 5 - 8edbb?
-8edb6
In base 9, what is -73714 - -3?
-73711
In base 3, what is 22 + 12?
111
In base 12, what is -247010 - -3?
-247009
In base 13, what is -4 + 20a1c?
20a18
In base 7, what is 4 - -56426?
56433
In base 9, what is -130 + -2867?
-3107
In base 12, what is 5 + 269b?
26a4
In base 5, what is 3 - -43201?
43204
In base 15, what is 8ed0c - -5?
8ed12
In base 11, what is -156 - -1a09?
1863
In base 11, what is 11a - 385?
-266
In base 12, what is 73841 + -6?
73837
In base 8, what is 21 - -13604?
13625
In base 11, what is 74 - 2a380?
-2a307
In base 16, what is 4 + -8dafc?
-8daf8
In base 9, what is 4740422 + -3?
4740418
In base 8, what is -141561 + -15?
-141576
In base 13, what is 3 + 2436?
2439
In base 10, what is 9 - 13339?
-13330
In base 5, what is -30142 - -1134?
-24003
In base 10, what is -30 + 1675?
1645
In base 3, what is -1121102012 + 10101?
-1121021211
In base 6, what is 1 + -24200040?
-24200035
In base 12, what is 2a45 + -2?
2a43
In base 4, what is 13 + 22113123?
22113202
In base 16, what is c395 + 4?
c399
In base 6, what is 2035205 + -4?
2035201
In base 12, what is 387 - -10?
397
In base 13, what is -3 + 39612?
3960c
In base 11, what is 13a75 - 2a?
13a46
In base 5, what is 3 - 1030223?
-1030220
In base 16, what is 3baf - 2?
3bad
In base 16, what is -290 + -20?
-2b0
In base 6, what is 20 + 21232355?
21232415
In base 15, what is 1ea3a - 4?
1ea36
In base 4, what is -121 - -11132133?
11132012
In base 9, what is -4 - -3071180?
3071175
In base 16, what is 3 + -25037?
-25034
In base 6, what is -22 + -2355?
-2421
In base 16, what is 5 - fc625?
-fc620
In base 5, what is -1031442 + 133?
-1031304
In base 10, what is -22 - 92?
-114
In base 7, what is -1600 + -2022?
-3622
In base 10, what is 14652 - -1?
14653
In base 11, what is 3 + 12135?
12138
In base 13, what is 1 + -139920?
-13991c
In base 4, what is -10 + 2311000?
2310330
In base 7, what is 21116 + 5?
21124
In base 16, what is -1 + 877c0?
877bf
In base 16, what is -5d88 - 35?
-5dbd
In base 11, what is 3 + -8903?
-8900
In base 7, what is -10 - -54622?
54612
In base 7, what is 4 + 4503032?
4503036
In base 13, what is -10 + -5703?
-5713
In base 7, what is -325 - -2525?
2200
In base 7, what is -12 - 226453?
-226465
In base 15, what is a - -231?
23b
In base 10, what is -5817 - -1?
-5816
In base 12, what is -407693 - 5?
-407698
In base 15, what is 179 - 95c?
-7d3
In base 11, what is 501 + 113?
614
In base 11, what is -5 + -2112?
-2117
In base 15, what is 1 + 5c2d?
5c2e
In base 9, what is 31544 + -133?
31411
In base 5, what is 302 - -34431?
40233
In base 16, what is -1a8 - -10?
-198
In base 2, what is -10110010001 + 10?
-10110001111
In base 7, what is -20 - -34114?
34064
In base 14, what is 6976 - 1?
6975
In base 3, what is 1 + 102102201?
102102202
In base 4, what is 10 - -22132031?
22132101
In base 7, what is 5 + 4511331?
4511336
In base 2, what is -100111101001100 - 111100?
-100111110001000
In base 2, what is -1000 + -1011000001001101?
-1011000001010101
In base 15, what is -5 - -3465?
3460
In base 10, what is 1 + -20378?
-20377
In base 15, what is 9 + 1734?
173d
In base 6, what is 53005103 + -2?
53005101
In base 3, what is 20012021 + -11101?
20000220
In base 4, what is 10 - 12301111?
-12301101
In base 6, what is 51031555 + -4?
51031551
In base 5, what is 11 + -22414?
-22403
In base 11, what is 418 + 1708?
2025
In base 14, what is -5 + -526?
-52b
In base 2, what is -11010000111011 + -1?
-11010000111100
In base 14, what is -358 - -4?
-354
In base 4, what is 1023302113 - -2?
1023302121
In base 8, what is -310340 - 26?
-310366
In base 7, what is 3044 - 6214?
-3140
In base 7, what is 16015 - -54?
16102
In base 3, what is -122222001010 + 1?
-122222001002
In base 4, what is -201 - -131213?
131012
In base 3, what is 102222 + 121022?
1001021
In base 9, what is 8 - -225305?
225314
In base 8, what is -226622 + -5?
-226627
In base 13, what is 49b312 - -3?
49b315
In base 15, what is 87a - -26?
8a1
In base 12, what is -383 - -138b?
1008
In base 7, what is -3163 - -2564?
-266
In base 7, what is -10434 - -444?
-6660
In base 3, what is -22 + -101012011100?
-101012011122
In base 4, what is -3302231332 + -12?
-3302232010
In base 16, what is -d9e + -6?
-da4
In base 16, what is -4 - -2933?
292f
In base 5, what is 0 - 1200141?
-1200141
In base 2, what is -100000101111000101001 + 10?
-100000101111000100111
In base 8, what is 102667 + 26?
102715
In base 14, what is 5b429 + -1?
5b428
In base 5, what is -110 - -44413?
44303
In base 8, what is 565572 + -4?
565566
In base 15, what is -16b9d - -3?
-16b9a
In base 14, what is -b74c + -1?
-b74d
In base 7, what is 4341 - 3?
4335
In base 15, what is -7 - 3eb0?
-3eb7
In base 2, what is 100010011000110110 + 1010?
100010011001000000
In base 9, what is 324 + 12?
336
In base 15, what is -6 - 32080?
-32086
In base 8, what is 145340 + 3?
145343
In base 5, what is 2130144 + -1?
2130143
In base 5, what is 314410 - 100?
314310
In base 13, what is 3a26 - -7?
3a30
In base 7, what is -34116 + 165?
-33621
In base 12, what is 2a7441 - -1?
2a7442
In base 3, what is 10 + -12120002020?
-12120002010
In base 9, what is 863 - 1366?
-403
In base 14, what is -114420 + 3?
-11441b
In base 4, what is -20031 - 13212?
-33303
In base 5, what is -4240322 - -3?
-4240314
In base 14, w